{"id":12777,"date":"2020-01-08T18:41:12","date_gmt":"2020-01-08T18:41:12","guid":{"rendered":"https:\/\/crta.rs\/?page_id=12777"},"modified":"2026-04-21T11:21:53","modified_gmt":"2026-04-21T09:21:53","slug":"home-en","status":"publish","type":"page","link":"https:\/\/crta.rs\/en\/","title":{"rendered":"HomeEN"},"content":{"rendered":"\n<h1>\n\t\t\tWhen we say democracy, we mean freedom.\t<\/h1>\n<h2>\n\t\t\tAll About Elections\t<\/h2>\n\t<p>Elections over the years<\/p>\n<h2>\n\t\t\tMedia Monitoring\t<\/h2>\n\t<p>Content analysis<\/p>\n<h2>\n\t\t\tPublic Opinion\t<\/h2>\n\t<p>Public polls&#8217; findings<\/p>\n\t\t\t<a href=\"https:\/\/crta.rs\/en\/category\/latest-en\/\"  target=\"_self\">\n\t\t\t\t\t\t\tLoad more\n\t\t\t\t\t<\/a>\n<h2>\n\t\t\tOur topics\t<\/h2>\n<figure itemscope itemtype=\"https:\/\/schema.org\/ImageObject\">\n\t\t\t\t<img decoding=\"async\" src=\"http:\/\/app-mitchell.zyca02z9il-58e60j5dn4d7.p.temp-site.link\/wp-content\/uploads\/2020\/01\/nase-teme-dem-kultura.png\" alt=\"nase-teme-dem-kultura\" height=\"400\" width=\"600\" title=\"nase-teme-dem-kultura\" onerror=\"this.style.display='none'\" loading=\"lazy\" \/>\n\t<\/figure>\n<h3>\n\t\t\tDemocratic culture\t<\/h3>\n\t<p>Because politics is not just for politicians. It is our human and citizen right to participate in the processes of making decisions which influence our lives. A dialogue has no alternative.<\/p>\n<figure itemscope itemtype=\"https:\/\/schema.org\/ImageObject\">\n\t\t\t\t<img decoding=\"async\" src=\"http:\/\/app-mitchell.zyca02z9il-58e60j5dn4d7.p.temp-site.link\/wp-content\/uploads\/2020\/01\/nase-teme-izbori.png\" alt=\"nase-teme-izbori\" height=\"400\" width=\"600\" title=\"nase-teme-izbori\" onerror=\"this.style.display='none'\" loading=\"lazy\" \/>\n\t<\/figure>\n<h3>\n\t\t\tFree and fair elections\t<\/h3>\n\t<p>Because elections are the pillars of democracy. It is every citizen&#8217;s right to decide on whom to give his\/her vote in free and fair conditions. Our vote is valuable and it can make a difference.<\/p>\n<figure itemscope itemtype=\"https:\/\/schema.org\/ImageObject\">\n\t\t\t\t<img decoding=\"async\" src=\"http:\/\/app-mitchell.zyca02z9il-58e60j5dn4d7.p.temp-site.link\/wp-content\/uploads\/2020\/01\/nase-teme-institucije.png\" alt=\"nase-teme-institucije\" height=\"400\" width=\"600\" title=\"nase-teme-institucije\" onerror=\"this.style.display='none'\" loading=\"lazy\" \/>\n\t<\/figure>\n<h3>\n\t\t\tOpen institutions\t<\/h3>\n\t<p>Because institutions serve the citizens. We need strong institutions with integrity which protect the public interest.<\/p>\n<figure itemscope itemtype=\"https:\/\/schema.org\/ImageObject\">\n\t\t\t\t<img decoding=\"async\" src=\"http:\/\/app-mitchell.zyca02z9il-58e60j5dn4d7.p.temp-site.link\/wp-content\/uploads\/2020\/01\/nase-teme-mediji.png\" alt=\"nase-teme-mediji\" height=\"400\" width=\"600\" title=\"nase-teme-mediji\" onerror=\"this.style.display='none'\" loading=\"lazy\" \/>\n\t<\/figure>\n<h3>\n\t\t\tFree media\t<\/h3>\n\t<p>Because media should ask questions and critically analyse the reality. We need the media which protect the public interest and tackle the needs of the citizens.<\/p>\n\n","protected":false},"excerpt":{"rendered":"<p>When we say democracy, we mean freedom. All About Elections Elections over the years Media Monitoring Content analysis Public Opinion Public polls&#8217; findings Load more Our topics Democratic culture Because politics is not just for politicians. It is our human and citizen right to participate in the processes of making decisions which influence our lives&#8230;.<\/p>\n","protected":false},"author":1,"featured_media":0,"parent":0,"menu_order":0,"comment_status":"closed","ping_status":"closed","template":"","meta":{"_acf_changed":false,"footnotes":"","_links_to":"","_links_to_target":""},"class_list":["post-12777","page","type-page","status-publish","hentry","ciTrackContent"],"acf":[],"yoast_head":"<!-- This site is optimized with the Yoast SEO plugin v27.4 - https:\/\/yoast.com\/product\/yoast-seo-wordpress\/ -->\n<title>HomeEN - CRTA<\/title>\n<meta name=\"robots\" content=\"index, follow, max-snippet:-1, max-image-preview:large, max-video-preview:-1\" \/>\n<link rel=\"canonical\" href=\"https:\/\/crta.rs\/en\/\" \/>\n<meta property=\"og:locale\" content=\"en_US\" \/>\n<meta property=\"og:type\" content=\"article\" \/>\n<meta property=\"og:title\" content=\"HomeEN - CRTA\" \/>\n<meta property=\"og:description\" content=\"When we say democracy, we mean freedom. All About Elections Elections over the years Media Monitoring Content analysis Public Opinion Public polls&#8217; findings Load more Our topics Democratic culture Because politics is not just for politicians. It is our human and citizen right to participate in the processes of making decisions which influence our lives....\" \/>\n<meta property=\"og:url\" content=\"https:\/\/crta.rs\/en\/\" \/>\n<meta property=\"og:site_name\" content=\"CRTA\" \/>\n<meta property=\"article:publisher\" content=\"https:\/\/www.facebook.com\/CRTArs\/\" \/>\n<meta property=\"article:modified_time\" content=\"2026-04-21T09:21:53+00:00\" \/>\n<meta property=\"og:image\" content=\"https:\/\/crta.rs\/wp-content\/uploads\/2020\/01\/nase-teme-dem-kultura.png\" \/>\n<meta name=\"twitter:card\" content=\"summary_large_image\" \/>\n<meta name=\"twitter:label1\" content=\"Est. reading time\" \/>\n\t<meta name=\"twitter:data1\" content=\"2 minutes\" \/>\n<script type=\"application\/ld+json\" class=\"yoast-schema-graph\">{\"@context\":\"https:\\\/\\\/schema.org\",\"@graph\":[{\"@type\":\"WebPage\",\"@id\":\"https:\\\/\\\/crta.rs\\\/en\\\/\",\"url\":\"https:\\\/\\\/crta.rs\\\/en\\\/\",\"name\":\"HomeEN - CRTA\",\"isPartOf\":{\"@id\":\"https:\\\/\\\/crta.rs\\\/en\\\/#website\"},\"primaryImageOfPage\":{\"@id\":\"https:\\\/\\\/crta.rs\\\/en\\\/#primaryimage\"},\"image\":{\"@id\":\"https:\\\/\\\/crta.rs\\\/en\\\/#primaryimage\"},\"thumbnailUrl\":\"http:\\\/\\\/app-mitchell.zyca02z9il-58e60j5dn4d7.p.temp-site.link\\\/wp-content\\\/uploads\\\/2020\\\/01\\\/nase-teme-dem-kultura.png\",\"datePublished\":\"2020-01-08T18:41:12+00:00\",\"dateModified\":\"2026-04-21T09:21:53+00:00\",\"breadcrumb\":{\"@id\":\"https:\\\/\\\/crta.rs\\\/en\\\/#breadcrumb\"},\"inLanguage\":\"en-US\",\"potentialAction\":[{\"@type\":\"ReadAction\",\"target\":[\"https:\\\/\\\/crta.rs\\\/en\\\/\"]}]},{\"@type\":\"ImageObject\",\"inLanguage\":\"en-US\",\"@id\":\"https:\\\/\\\/crta.rs\\\/en\\\/#primaryimage\",\"url\":\"http:\\\/\\\/app-mitchell.zyca02z9il-58e60j5dn4d7.p.temp-site.link\\\/wp-content\\\/uploads\\\/2020\\\/01\\\/nase-teme-dem-kultura.png\",\"contentUrl\":\"http:\\\/\\\/app-mitchell.zyca02z9il-58e60j5dn4d7.p.temp-site.link\\\/wp-content\\\/uploads\\\/2020\\\/01\\\/nase-teme-dem-kultura.png\"},{\"@type\":\"BreadcrumbList\",\"@id\":\"https:\\\/\\\/crta.rs\\\/en\\\/#breadcrumb\",\"itemListElement\":[{\"@type\":\"ListItem\",\"position\":1,\"name\":\"Home\",\"item\":\"https:\\\/\\\/crta.rs\\\/en\\\/\"},{\"@type\":\"ListItem\",\"position\":2,\"name\":\"HomeEN\"}]},{\"@type\":\"WebSite\",\"@id\":\"https:\\\/\\\/crta.rs\\\/en\\\/#website\",\"url\":\"https:\\\/\\\/crta.rs\\\/en\\\/\",\"name\":\"CRTA\",\"description\":\"Mi smo grupa aktivista i novinara koja zajedno sa gra\u0111anima uti\u010de na pove\u0107anje odgovornosti institucija i javnih funkcionera kroz pra\u0107enje i kontrolu njihovog rada.\",\"potentialAction\":[{\"@type\":\"SearchAction\",\"target\":{\"@type\":\"EntryPoint\",\"urlTemplate\":\"https:\\\/\\\/crta.rs\\\/en\\\/?s={search_term_string}\"},\"query-input\":{\"@type\":\"PropertyValueSpecification\",\"valueRequired\":true,\"valueName\":\"search_term_string\"}}],\"inLanguage\":\"en-US\"}]}<\/script>\n<!-- \/ Yoast SEO plugin. -->","yoast_head_json":{"title":"HomeEN - CRTA","robots":{"index":"index","follow":"follow","max-snippet":"max-snippet:-1","max-image-preview":"max-image-preview:large","max-video-preview":"max-video-preview:-1"},"canonical":"https:\/\/crta.rs\/en\/","og_locale":"en_US","og_type":"article","og_title":"HomeEN - CRTA","og_description":"When we say democracy, we mean freedom. All About Elections Elections over the years Media Monitoring Content analysis Public Opinion Public polls&#8217; findings Load more Our topics Democratic culture Because politics is not just for politicians. It is our human and citizen right to participate in the processes of making decisions which influence our lives....","og_url":"https:\/\/crta.rs\/en\/","og_site_name":"CRTA","article_publisher":"https:\/\/www.facebook.com\/CRTArs\/","article_modified_time":"2026-04-21T09:21:53+00:00","og_image":[{"url":"https:\/\/crta.rs\/wp-content\/uploads\/2020\/01\/nase-teme-dem-kultura.png","type":"","width":"","height":""}],"twitter_card":"summary_large_image","twitter_misc":{"Est. reading time":"2 minutes"},"schema":{"@context":"https:\/\/schema.org","@graph":[{"@type":"WebPage","@id":"https:\/\/crta.rs\/en\/","url":"https:\/\/crta.rs\/en\/","name":"HomeEN - CRTA","isPartOf":{"@id":"https:\/\/crta.rs\/en\/#website"},"primaryImageOfPage":{"@id":"https:\/\/crta.rs\/en\/#primaryimage"},"image":{"@id":"https:\/\/crta.rs\/en\/#primaryimage"},"thumbnailUrl":"http:\/\/app-mitchell.zyca02z9il-58e60j5dn4d7.p.temp-site.link\/wp-content\/uploads\/2020\/01\/nase-teme-dem-kultura.png","datePublished":"2020-01-08T18:41:12+00:00","dateModified":"2026-04-21T09:21:53+00:00","breadcrumb":{"@id":"https:\/\/crta.rs\/en\/#breadcrumb"},"inLanguage":"en-US","potentialAction":[{"@type":"ReadAction","target":["https:\/\/crta.rs\/en\/"]}]},{"@type":"ImageObject","inLanguage":"en-US","@id":"https:\/\/crta.rs\/en\/#primaryimage","url":"http:\/\/app-mitchell.zyca02z9il-58e60j5dn4d7.p.temp-site.link\/wp-content\/uploads\/2020\/01\/nase-teme-dem-kultura.png","contentUrl":"http:\/\/app-mitchell.zyca02z9il-58e60j5dn4d7.p.temp-site.link\/wp-content\/uploads\/2020\/01\/nase-teme-dem-kultura.png"},{"@type":"BreadcrumbList","@id":"https:\/\/crta.rs\/en\/#breadcrumb","itemListElement":[{"@type":"ListItem","position":1,"name":"Home","item":"https:\/\/crta.rs\/en\/"},{"@type":"ListItem","position":2,"name":"HomeEN"}]},{"@type":"WebSite","@id":"https:\/\/crta.rs\/en\/#website","url":"https:\/\/crta.rs\/en\/","name":"CRTA","description":"Mi smo grupa aktivista i novinara koja zajedno sa gra\u0111anima uti\u010de na pove\u0107anje odgovornosti institucija i javnih funkcionera kroz pra\u0107enje i kontrolu njihovog rada.","potentialAction":[{"@type":"SearchAction","target":{"@type":"EntryPoint","urlTemplate":"https:\/\/crta.rs\/en\/?s={search_term_string}"},"query-input":{"@type":"PropertyValueSpecification","valueRequired":true,"valueName":"search_term_string"}}],"inLanguage":"en-US"}]}},"_links":{"self":[{"href":"https:\/\/crta.rs\/en\/wp-json\/wp\/v2\/pages\/12777","targetHints":{"allow":["GET"]}}],"collection":[{"href":"https:\/\/crta.rs\/en\/wp-json\/wp\/v2\/pages"}],"about":[{"href":"https:\/\/crta.rs\/en\/wp-json\/wp\/v2\/types\/page"}],"author":[{"embeddable":true,"href":"https:\/\/crta.rs\/en\/wp-json\/wp\/v2\/users\/1"}],"replies":[{"embeddable":true,"href":"https:\/\/crta.rs\/en\/wp-json\/wp\/v2\/comments?post=12777"}],"version-history":[{"count":14,"href":"https:\/\/crta.rs\/en\/wp-json\/wp\/v2\/pages\/12777\/revisions"}],"predecessor-version":[{"id":44488,"href":"https:\/\/crta.rs\/en\/wp-json\/wp\/v2\/pages\/12777\/revisions\/44488"}],"wp:attachment":[{"href":"https:\/\/crta.rs\/en\/wp-json\/wp\/v2\/media?parent=12777"}],"curies":[{"name":"wp","href":"https:\/\/api.w.org\/{rel}","templated":true}]}}

<!-- This site is optimized with the Yoast SEO plugin v27.4 - https://yoast.com/product/yoast-seo-wordpress/ -->
<title>HomeEN - CRTA</title>
<meta name="robots" content="index, follow, max-snippet:-1, max-image-preview:large, max-video-preview:-1" />
<link rel="canonical" href="https://crta.rs/en/" />
<meta property="og:locale" content="en_US" />
<meta property="og:type" content="article" />
<meta property="og:title" content="HomeEN - CRTA" />
<meta property="og:description" content="When we say democracy, we mean freedom. All About Elections Elections over the years Media Monitoring Content analysis Public Opinion Public polls&#8217; findings Load more Our topics Democratic culture Because politics is not just for politicians. It is our human and citizen right to participate in the processes of making decisions which influence our lives...." />
<meta property="og:url" content="https://crta.rs/en/" />
<meta property="og:site_name" content="CRTA" />
<meta property="article:publisher" content="https://www.facebook.com/CRTArs/" />
<meta property="article:modified_time" content="2026-04-21T09:21:53+00:00" />
<meta property="og:image" content="https://crta.rs/wp-content/uploads/2020/01/nase-teme-dem-kultura.png" />
<meta name="twitter:card" content="summary_large_image" />
<meta name="twitter:label1" content="Est. reading time" />
	<meta name="twitter:data1" content="2 minutes" />
<script type="application/ld+json" class="yoast-schema-graph">{"@context":"https:\/\/schema.org","@graph":[{"@type":"WebPage","@id":"https:\/\/crta.rs\/en\/","url":"https:\/\/crta.rs\/en\/","name":"HomeEN - CRTA","isPartOf":{"@id":"https:\/\/crta.rs\/en\/#website"},"primaryImageOfPage":{"@id":"https:\/\/crta.rs\/en\/#primaryimage"},"image":{"@id":"https:\/\/crta.rs\/en\/#primaryimage"},"thumbnailUrl":"http:\/\/app-mitchell.zyca02z9il-58e60j5dn4d7.p.temp-site.link\/wp-content\/uploads\/2020\/01\/nase-teme-dem-kultura.png","datePublished":"2020-01-08T18:41:12+00:00","dateModified":"2026-04-21T09:21:53+00:00","breadcrumb":{"@id":"https:\/\/crta.rs\/en\/#breadcrumb"},"inLanguage":"en-US","potentialAction":[{"@type":"ReadAction","target":["https:\/\/crta.rs\/en\/"]}]},{"@type":"ImageObject","inLanguage":"en-US","@id":"https:\/\/crta.rs\/en\/#primaryimage","url":"http:\/\/app-mitchell.zyca02z9il-58e60j5dn4d7.p.temp-site.link\/wp-content\/uploads\/2020\/01\/nase-teme-dem-kultura.png","contentUrl":"http:\/\/app-mitchell.zyca02z9il-58e60j5dn4d7.p.temp-site.link\/wp-content\/uploads\/2020\/01\/nase-teme-dem-kultura.png"},{"@type":"BreadcrumbList","@id":"https:\/\/crta.rs\/en\/#breadcrumb","itemListElement":[{"@type":"ListItem","position":1,"name":"Home","item":"https:\/\/crta.rs\/en\/"},{"@type":"ListItem","position":2,"name":"HomeEN"}]},{"@type":"WebSite","@id":"https:\/\/crta.rs\/en\/#website","url":"https:\/\/crta.rs\/en\/","name":"CRTA","description":"Mi smo grupa aktivista i novinara koja zajedno sa građanima utiče na povećanje odgovornosti institucija i javnih funkcionera kroz praćenje i kontrolu njihovog rada.","potentialAction":[{"@type":"SearchAction","target":{"@type":"EntryPoint","urlTemplate":"https:\/\/crta.rs\/en\/?s={search_term_string}"},"query-input":{"@type":"PropertyValueSpecification","valueRequired":true,"valueName":"search_term_string"}}],"inLanguage":"en-US"}]}</script>
<!-- / Yoast SEO plugin. -->

Mi smo grupa aktivista i novinara koja zajedno sa građanima utiče na povećanje odgovornosti institucija i javnih funkcionera kroz praćenje i kontrolu njihovog rada.
